*3/3 + 3*f**2 + 3*f + 113. Let v = 3 - 8. Calculate the remainder when n(v) is divided by 12.
11
Let n(w) = -w + 62. Calculate the remainder when n(33) is divided by 3.
2
Suppose 4*u - 5*p - 250 = -2*p, u - 72 = -4*p. What is the remainder when 190 is divided by u?
62
Let x(z) = z**3 - 12*z**2 - 10*z + 1. What is the remainder when 123 is divided by x(13)?
3
Suppose 3*u + 3*u = -30, 0 = -2*h - 4*u - 4. Suppose 4*f + 14 = 66. Calculate the remainder when f is divided by h.
5
Let x = 6 - -6. Let d be (-19)/(-3) + 84/18 + -5. Calculate the remainder when (-128)/10*(-15)/d is divided by x.
8
Suppose 4 = -2*b + 5*j, -2 - 6 = -4*b + 2*j. Suppose 7*g - 2 = 6*g. Suppose -g*t + 11 = a, 25 = 5*t - a + 1. Calculate the remainder when t is divided by b.
2
Let l(x) = -x**2 - 22*x + 7. Let v(u) = u**2 + 44*u - 14. Let s(z) = -5*l(z) - 2*v(z). What is the remainder when s(-11) is divided by 23?
22
Let r = 22 + -8. Calculate the remainder when 402 is divided by r.
10
Suppose 0 = -x - 4*x + 10, 4*g - 4*x = 24. Calculate the remainder when 14 is divided by g.
6
Suppose -2*c - 129 = -373. What is the remainder when c is divided by 47?
28
Suppose 3*t = -m + 61, -9 = t + 2*m - 31. Calculate the remainder when t is divided by 6.
2
Suppose 6723 + 7956 = 21*n. What is the remainder when n is divided by 54?
51
Let o = -125 + 102. Let c = o + 60. Calculate the remainder when c is divided by 6.
1
Suppose -37 = -4*m + 103. Suppose 3*i + 4 = -8. Let h = i + 23. Calculate the remainder when m is divided by h.
16
Let o(b) be the first derivative of -b**3/3 + 5*b**2/2 + 7. Calculate the remainder when 23 is divided by o(3).
5
Suppose -33*b + 4*b + 261 = 0. Let v(f) = -34*f + 2. What is the remainder when v(-2) is divided by b?
7
Calculate the remainder when 8/(-56) - ((-12060)/(-14))/(-3) is divided by 24.
23
Suppose -3*o - 4*o = -28. Suppose o*d + 0*x - 2*x - 74 = 0, 5*x = -25. Calculate the remainder when 59 is divided by d.
11
Suppose 2*d - 16 - 2 = 0. Let l(n) = 10*n + 11. Calculate the remainder when l(d) is divided by 17.
16
Let z(r) = -96*r - 83. What is the remainder when z(-2) is divided by 22?
21
Let j(f) be the first derivative of 2*f**3 + 3*f**2/2 + 3*f + 40. What is the remainder when ((-4)/8)/((-1)/34) is divided by j(-1)?
5
Calculate the remainder when (-1217 - 38)/((-5)/2) is divided by 56.
54
Suppose 0 = 2*d - 7*d + 25. Suppose 0 = -5*k + 10, -3*c - 2*c + 35 = d*k. What is the remainder when 57 is divided by c?
2
Let b(t) = t**2 - 6*t - 8. What is the remainder when 138 is divided by b(11)?
44
Suppose 0 = -17*h + 258 + 1952. What is the remainder when h is divided by 11?
9
Let t(v) = v**2 + 16*v + 35. Let p be t(-14). Suppose 6*l = p*l - 27. Calculate the remainder when l is divided by 8.
3
Let t be 0 + 20 + (3 - (-16)/(-4)). Suppose t*f - 47 = 10. Calculate the remainder when 10 is divided by f.
1
Let d = 154 + -79. Suppose -4 = s - 2*p, -s + 4 = -4*s + 4*p. Suppose 102 = 4*q - v, 60 = q + q + s*v. What is the remainder when d is divided by q?
23
Let l(o) = o - 2. Let f be l(4). Suppose 4*x - f = -6. Let q = x - -6. Calculate the remainder when 14 is divided by q.
4
Suppose -2*s + 19 = -2*o - 3*o, -2*s - 5*o - 11 = 0. Let w(f) = -s*f**2 + f**3 + 4*f + 2 + 1 - 2. Calculate the remainder when 41 is divided by w(3).
19
Let y = 41 - -76. Let b be ((-1)/(-2))/(5/(-10)). What is the remainder when y is divided by 2 + 1 + b + 15?
15
Let s = 125 + -9. Calculate the remainder when 123 is divided by s.
7
Let i(u) = -2*u**3 - 16*u**2 + 11*u - 2. What is the remainder when i(-9) is divided by 35?
26
Let g(n) = n**2 + 4*n + 11. Let w be g(-9). Let f = 15 + 4. What is the remainder when w + 0 + (-3 - (0 + -1)) is divided by f?
16
Let c(o) = -26*o**2 + 3*o - 5. Let i be c(1). What is the remainder when (-366)/(-8) - 2/(-8) is divided by ((-72)/i)/(3/14)?
10
Let t = 1586 + -1169. What is the remainder when t is divided by 42?
39
Suppose -6*a + 10*a - 24 = 0. Let z(j) = -j**3 + 6*j**2 - 2*j + 16. What is the remainder when z(a) is divided by 2?
0
Let h(v) = 74*v**3 - 11 + 0*v**2 - 10 + 6*v - 73*v**3 + 10*v**2. Calculate the remainder when 27 is divided by h(-9).
3
Let i(v) = v**3 - 5*v**2 + v - 5. Let x be i(5). Suppose x*c - 2*c = -174. What is the remainder when c is divided by -3 - (0 + (-26 - -3) - 2)?
21
Suppose -2*v + 30 = 3*g - 11, -2*g + 6 = 0. Suppose -295*r = -304*r + 162. What is the remainder when (-1)/2 + 1128/v is divided by r?
16
Let s = 42 + -70. Let j = -17 - s. What is the remainder when j is divided by 8?
3
What is the remainder when 214 is divided by 52*(-5)/(-10) + 0 + -2?
22
Let a(o) = 4*o - 4. Let q be a(3). Let j = q + -1. Let i(w) = -w - 5. What is the remainder when j is divided by i(-11)?
1
What is the remainder when (-2250)/(-20)*(-8)/(-3) is divided by 43?
42
Calculate the remainder when (-4)/14*(-104 + 90) is divided by (1 + 3/(-2))*-2.
0
Calculate the remainder when 149 is divided by (144/28)/(42/196).
5
What is the remainder when 1878/((-42)/(-7)) - 4 is divided by 13?
10
Suppose 5*h + 70 = 235. Suppose -c - h = -4*c. What is the remainder when c is divided by 7?
4
Suppose -62 = -4*u + 5*y - 0*y, 56 = 3*u + y. Calculate the remainder when 1275 is divided by u.
15
Let x(f) = f**3 + 3*f**2 - 4. Let y(s) = 2*s**3 + 5*s**2 - 7. Let u(n) = -5*x(n) + 3*y(n). Calculate the remainder when u(4) is divided by (-3)/(-6)*836/19.
19
Let h(t) = 10*t + 37. What is the remainder when 219 is divided by h(0)?
34
Let u(z) = -5*z. Let a = 7 - 8. Let j be u(a). Suppose s - 190 = -3*s - 2*m, j*s - 5*m - 275 = 0. What is the remainder when s is divided by 26?
24
Let p = -5 - -9. Suppose 27*d = 35*d - 216. Calculate the remainder when d is divided by p.
3
What is the remainder when 395 is divided by (-18 - 6)/((-2)/3)?
35
Let h(w) = 4*w**2 - 4*w + 16. Suppose 440 = 5*q - 5*v, q + 5*v - 88 = v. Suppose -s - 3*s = -q. Calculate the remainder when h(3) is divided by s.
18
Let l be -4 + 3 + 7 + -2. Let h = l + 15. Let q = 31 - h. What is the remainder when q is divided by 4?
0
Let b(c) = 3*c**3 - 8*c**2 + 20*c + 8. What is the remainder when b(4) is divided by 4*(1 - (-81)/12)?
28
Suppose -2*d + 804 = 2*d - 4*b, -d + 192 = 2*b. What is the remainder when d is divided by 23?
14
Suppose 0 = -15*v - 0*v + 810. What is the remainder when v is divided by 11?
10
Suppose -4 = -u - 9. Calculate the remainder when (-6)/(-30) - 4/u is divided by (3/(-6))/(2/(-4)).
0
Suppose 3*b = -0*i - i + 249, -198 = -2*b + 10*i. Calculate the remainder when 409 is divided by b.
73
Suppose 4*o = 136 - 500. Let c = o - 112. Let m = -130 - c. Calculate the remainder when m is divided by 19.
16
Suppose -187*s + 1596 = -181*s. Calculate the remainder when s is divided by 18.
14
Let o(q) be the third derivative of q**4/12 + 25*q**3/6 + 18*q**2. Let u(r) = -r**3. What is the remainder when o(-6) is divided by u(-2)?
5
Let q(h) = -h**3 - 15*h**2 - 15*h + 42. What is the remainder when 276 is divided by q(-14)?
52
Suppose -6*i + 20 = -i. Suppose -5*f + i*r = 2*r - 9, 6 = 5*f - 3*r. Suppose f*h + 16 = 5*h. Calculate the remainder when 29 is divided by h.
5
Suppose 20*o + 28 = 21*o. Suppose d + 0 = 6. What is the remainder when o is divided by d?
4
Let n = 497 + -465. What is the remainder when n is divided by 19?
13
Calculate the remainder when 41 is divided by (-2)/3*1530/(-60).
7
Let r = -1239 - -1633. Calculate the remainder when r is divided by 46.
26
Let t = -618 + 624. Calculate the remainder when 126 is divided by t.
0
Suppose 0 = 5*z - 3*l - 762, 24*z + 3*l = 22*z + 288. Calculate the remainder when z is divided by 22.
18
Calculate the remainder when 84 is divided by (-13515)/(-318)*(2/(-10) - -1).
16
Let n = -537 + 549. What is the remainder when 249 is divided by n?
9
Let m = -90 + 545. Calculate the remainder when m is divided by 24.
23
Let y = 30 + -18. Let j = -791 + 836. What is the remainder when j is divided by y?
9
Let b = 274 + -189. What is the remainder when b is divided by 22?
19
Let d(p) be the second derivative of p**5/5 - p**3/2 - p**2 - 22*p. What is the remainder when d(2) is divided by 16?
8
Suppose 15 = 5*y, 0 = 5*k + y - 50 - 68. Suppose 4*u = -8*u + 156. Calculate the remainder when k is divided by u.
10
Let x be 75/(2 + 3)*-5. Let o = 136 + x. Calculate the remainder 